{"id":1646,"date":"2024-04-04T16:45:02","date_gmt":"2024-04-04T20:45:02","guid":{"rendered":"https:\/\/demosites.royal-elementor-addons.com\/travel-v3\/?page_id=14"},"modified":"2024-06-20T10:27:09","modified_gmt":"2024-06-20T14:27:09","slug":"servicios","status":"publish","type":"page","link":"https:\/\/al100servicios.com\/index.php\/servicios\/","title":{"rendered":"Servicios"},"content":{"rendered":"\t\t<div data-elementor-type=\"wp-page\" data-elementor-id=\"1646\" class=\"elementor elementor-1646\">\n\t\t\t\t<div class=\"elementor-element elementor-element-c127733 e-con-full e-flex wpr-particle-no wpr-jarallax-no wpr-parallax-no wpr-sticky-section-no e-con e-parent\" data-id=\"c127733\" data-element_type=\"container\" data-settings=\"{&quot;background_background&quot;:&quot;classic&quot;}\">\n\t\t\t\t<div class=\"elementor-element elementor-element-9ed38c7 elementor-widget elementor-widget-heading\" data-id=\"9ed38c7\" data-element_type=\"widget\" data-widget_type=\"heading.default\">\n\t\t\t\t<div class=\"elementor-widget-container\">\n\t\t\t<style>\/*! elementor - v3.21.0 - 26-05-2024 *\/\n.elementor-heading-title{padding:0;margin:0;line-height:1}.elementor-widget-heading .elementor-heading-title[class*=elementor-size-]>a{color:inherit;font-size:inherit;line-height:inherit}.elementor-widget-heading .elementor-heading-title.elementor-size-small{font-size:15px}.elementor-widget-heading .elementor-heading-title.elementor-size-medium{font-size:19px}.elementor-widget-heading .elementor-heading-title.elementor-size-large{font-size:29px}.elementor-widget-heading .elementor-heading-title.elementor-size-xl{font-size:39px}.elementor-widget-heading .elementor-heading-title.elementor-size-xxl{font-size:59px}<\/style><h2 class=\"elementor-heading-title elementor-size-default\">NUESTROS SERVICIOS<\/h2>\t\t<\/div>\n\t\t\t\t<\/div>\n\t\t\t\t<\/div>\n\t\t<div class=\"elementor-element elementor-element-5e36fb7d e-flex e-con-boxed wpr-particle-no wpr-jarallax-no wpr-parallax-no wpr-sticky-section-no e-con e-parent\" data-id=\"5e36fb7d\" data-element_type=\"container\">\n\t\t\t\t\t<div class=\"e-con-inner\">\n\t\t\t\t<div class=\"elementor-element elementor-element-3e47febf elementor-widget elementor-widget-heading\" data-id=\"3e47febf\" data-element_type=\"widget\" data-widget_type=\"heading.default\">\n\t\t\t\t<div class=\"elementor-widget-container\">\n\t\t\t<h2 class=\"elementor-heading-title elementor-size-default\">\u00bfc\u00f3MO PODEMOS AYUDAR?<\/h2>\t\t<\/div>\n\t\t\t\t<\/div>\n\t\t\t\t<div class=\"elementor-element elementor-element-6f4d5ee1 elementor-widget elementor-widget-heading\" data-id=\"6f4d5ee1\" data-element_type=\"widget\" data-widget_type=\"heading.default\">\n\t\t\t\t<div class=\"elementor-widget-container\">\n\t\t\t<h2 class=\"elementor-heading-title elementor-size-default\">Nuestros servicios<\/h2>\t\t<\/div>\n\t\t\t\t<\/div>\n\t\t<div class=\"elementor-element elementor-element-6e170dae e-flex e-con-boxed wpr-particle-no wpr-jarallax-no wpr-parallax-no wpr-sticky-section-no e-con e-child\" data-id=\"6e170dae\" data-element_type=\"container\">\n\t\t\t\t\t<div class=\"e-con-inner\">\n\t\t<div class=\"elementor-element elementor-element-5998145 e-flex e-con-boxed wpr-particle-no wpr-jarallax-no wpr-parallax-no wpr-sticky-section-no e-con e-child\" data-id=\"5998145\" data-element_type=\"container\">\n\t\t\t\t\t<div class=\"e-con-inner\">\n\t\t\t\t<div class=\"elementor-element elementor-element-7abb58d wpr-promo-box-style-cover elementor-invisible elementor-widget elementor-widget-wpr-promo-box\" data-id=\"7abb58d\" data-element_type=\"widget\" data-settings=\"{&quot;_animation&quot;:&quot;zoomIn&quot;}\" data-widget_type=\"wpr-promo-box.default\">\n\t\t\t\t<div class=\"elementor-widget-container\">\n\t\t\t\n\t\t<div class=\"wpr-promo-box wpr-animation-wrap\">\n\n\t\t\t\t\t\t\t\n\t\t\t\t\t\t\t<div class=\"wpr-promo-box-image\">\n\t\t\t\t\t<div class=\"wpr-promo-box-bg-image wpr-bg-anim-zoom-in wpr-anim-timing-ease-default\" style=\"background-image:url(https:\/\/al100servicios.com\/wp-content\/uploads\/2024\/05\/1524.jpg);\"><\/div>\n\t\t\t\t\t<div class=\"wpr-promo-box-bg-overlay wpr-border-anim-none\"><\/div>\n\t\t\t\t<\/div>\n\t\t\t\t\t\t\n\t\t\t<div class=\"wpr-promo-box-content\">\n\n\t\t\t\t\t\t\t\t<div class=\"wpr-promo-box-icon\">\n\t\t\t\t\t\t\t\t\t<\/div>\n\t\t\t\t\n\t\t\t\t<h3 class=\"wpr-promo-box-title\"><span>Revisi\u00f3n y Correci\u00f3n de Documentos<\/span><\/h3>\n\t\t\t\t\t\t\t\t\t<div class=\"wpr-promo-box-description\">\n\t\t\t\t\t\t<p><p class=\"uagb-ifb-desc\">Revisi\u00f3n de documentaci\u00f3n, identificando aspectos que necesitan reconsideraci\u00f3n, logrando un mejoramiento en la calidad de la misma y que el usuario cuente con una herramienta de comunicaci\u00f3n clara y efectiva.<\/p><\/p>\t\n\t\t\t\t\t<\/div>\t\t\t\t\t\t\n\t\t\t\t\n\t\t\t\t\t\t\t\t\t<div class=\"wpr-promo-box-btn-wrap\">\n\t\t\t\t\t\t<a class=\"wpr-promo-box-btn\" href=\"https:\/\/al100servicios.com\/index.php\/contacto\/\">\n\n\t\t\t\t\t\t\t\t\t\t\t\t\t\t<span class=\"wpr-promo-box-btn-text\">Conoce m\u00e1s<\/span>\t\t\n\t\t\t\t\t\t\t\n\t\t\t\t\t\t\t\t\t\t\t\t\t<\/a>\n\t\t\t\t\t<\/div>\t\n\t\t\t\t\t\t\t<\/div>\n\n\t\t\t\t\t<\/div>\n\n\t\t\t\t<\/div>\n\t\t\t\t<\/div>\n\t\t\t\t\t<\/div>\n\t\t\t\t<\/div>\n\t\t<div class=\"elementor-element elementor-element-6467c987 e-flex e-con-boxed wpr-particle-no wpr-jarallax-no wpr-parallax-no wpr-sticky-section-no e-con e-child\" data-id=\"6467c987\" data-element_type=\"container\">\n\t\t\t\t\t<div class=\"e-con-inner\">\n\t\t\t\t<div class=\"elementor-element elementor-element-580905b6 wpr-promo-box-style-cover elementor-invisible elementor-widget elementor-widget-wpr-promo-box\" data-id=\"580905b6\" data-element_type=\"widget\" data-settings=\"{&quot;_animation&quot;:&quot;zoomIn&quot;,&quot;_animation_delay&quot;:200}\" data-widget_type=\"wpr-promo-box.default\">\n\t\t\t\t<div class=\"elementor-widget-container\">\n\t\t\t\n\t\t<div class=\"wpr-promo-box wpr-animation-wrap\">\n\n\t\t\t\t\t\t\t\n\t\t\t\t\t\t\t<div class=\"wpr-promo-box-image\">\n\t\t\t\t\t<div class=\"wpr-promo-box-bg-image wpr-bg-anim-zoom-in wpr-anim-timing-ease-default\" style=\"background-image:url(https:\/\/al100servicios.com\/wp-content\/uploads\/2024\/05\/1353.jpg);\"><\/div>\n\t\t\t\t\t<div class=\"wpr-promo-box-bg-overlay wpr-border-anim-none\"><\/div>\n\t\t\t\t<\/div>\n\t\t\t\t\t\t\n\t\t\t<div class=\"wpr-promo-box-content\">\n\n\t\t\t\t\t\t\t\t<div class=\"wpr-promo-box-icon\">\n\t\t\t\t\t\t\t\t\t<\/div>\n\t\t\t\t\n\t\t\t\t<h3 class=\"wpr-promo-box-title\"><span>Establecimiento de estructuras y sistemas<\/span><\/h3>\n\t\t\t\t\t\t\t\t\t<div class=\"wpr-promo-box-description\">\n\t\t\t\t\t\t<p><p class=\"uagb-ifb-desc\">Dise\u00f1ar y dar soporte al establecimiento de estructuras y sistemas que faciliten a los usuarios la implementaci\u00f3n de estrategias y acciones para la mejora cont\u00ednua de sus operaciones (personales e institucionales).<\/p><\/p>\t\n\t\t\t\t\t<\/div>\t\t\t\t\t\t\n\t\t\t\t\n\t\t\t\t\t\t\t\t\t<div class=\"wpr-promo-box-btn-wrap\">\n\t\t\t\t\t\t<a class=\"wpr-promo-box-btn\" href=\"https:\/\/al100servicios.com\/index.php\/contacto\/\">\n\n\t\t\t\t\t\t\t\t\t\t\t\t\t\t<span class=\"wpr-promo-box-btn-text\">Conoce m\u00e1s<\/span>\t\t\n\t\t\t\t\t\t\t\n\t\t\t\t\t\t\t\t\t\t\t\t\t<\/a>\n\t\t\t\t\t<\/div>\t\n\t\t\t\t\t\t\t<\/div>\n\n\t\t\t\t\t<\/div>\n\n\t\t\t\t<\/div>\n\t\t\t\t<\/div>\n\t\t\t\t\t<\/div>\n\t\t\t\t<\/div>\n\t\t<div class=\"elementor-element elementor-element-46b1f14 e-flex e-con-boxed wpr-particle-no wpr-jarallax-no wpr-parallax-no wpr-sticky-section-no e-con e-child\" data-id=\"46b1f14\" data-element_type=\"container\">\n\t\t\t\t\t<div class=\"e-con-inner\">\n\t\t\t\t<div class=\"elementor-element elementor-element-5b12c119 wpr-promo-box-style-cover elementor-invisible elementor-widget elementor-widget-wpr-promo-box\" data-id=\"5b12c119\" data-element_type=\"widget\" data-settings=\"{&quot;_animation&quot;:&quot;zoomIn&quot;,&quot;_animation_delay&quot;:100}\" data-widget_type=\"wpr-promo-box.default\">\n\t\t\t\t<div class=\"elementor-widget-container\">\n\t\t\t\n\t\t<div class=\"wpr-promo-box wpr-animation-wrap\">\n\n\t\t\t\t\t\t\t\n\t\t\t\t\t\t\t<div class=\"wpr-promo-box-image\">\n\t\t\t\t\t<div class=\"wpr-promo-box-bg-image wpr-bg-anim-zoom-in wpr-anim-timing-ease-default\" style=\"background-image:url(https:\/\/al100servicios.com\/wp-content\/uploads\/2024\/05\/2149396653.jpg);\"><\/div>\n\t\t\t\t\t<div class=\"wpr-promo-box-bg-overlay wpr-border-anim-none\"><\/div>\n\t\t\t\t<\/div>\n\t\t\t\t\t\t\n\t\t\t<div class=\"wpr-promo-box-content\">\n\n\t\t\t\t\t\t\t\t<div class=\"wpr-promo-box-icon\">\n\t\t\t\t\t\t\t\t\t<\/div>\n\t\t\t\t\n\t\t\t\t<h3 class=\"wpr-promo-box-title\"><span>Consultor\u00eda Integral<\/span><\/h3>\n\t\t\t\t\t\t\t\t\t<div class=\"wpr-promo-box-description\">\n\t\t\t\t\t\t<p><p><span lang=\"ES-DO\">Consultor\u00eda en proyectos de mejora continua, calidad y optimizaci\u00f3n de procesos y m\u00e9todos. A la\u00a0par con el desarrollo de documentaci\u00f3n y herramientas que facilitan las operaciones\u00a0<\/span><span style=\"color: #474747\">institucionales<\/span>.\u00a0<\/p><\/p>\t\n\t\t\t\t\t<\/div>\t\t\t\t\t\t\n\t\t\t\t\n\t\t\t\t\t\t\t\t\t<div class=\"wpr-promo-box-btn-wrap\">\n\t\t\t\t\t\t<a class=\"wpr-promo-box-btn\" href=\"https:\/\/al100servicios.com\/index.php\/contacto\/\">\n\n\t\t\t\t\t\t\t\t\t\t\t\t\t\t<span class=\"wpr-promo-box-btn-text\">Conoce m\u00e1s<\/span>\t\t\n\t\t\t\t\t\t\t\n\t\t\t\t\t\t\t\t\t\t\t\t\t<\/a>\n\t\t\t\t\t<\/div>\t\n\t\t\t\t\t\t\t<\/div>\n\n\t\t\t\t\t<\/div>\n\n\t\t\t\t<\/div>\n\t\t\t\t<\/div>\n\t\t\t\t\t<\/div>\n\t\t\t\t<\/div>\n\t\t\t\t\t<\/div>\n\t\t\t\t<\/div>\n\t\t\t\t\t<\/div>\n\t\t\t\t<\/div>\n\t\t\t\t<\/div>\n\t\t","protected":false},"excerpt":{"rendered":"<p>NUESTROS SERVICIOS \u00bfc\u00f3MO PODEMOS AYUDAR? Nuestros servicios Revisi\u00f3n y Correci\u00f3n de Documentos Revisi\u00f3n de documentaci\u00f3n, identificando aspectos que necesitan reconsideraci\u00f3n, logrando un mejoramiento en la calidad de la misma y que el usuario cuente con una herramienta de comunicaci\u00f3n clara y efectiva. Conoce m\u00e1s Establecimiento de estructuras y sistemas Dise\u00f1ar y dar soporte al establecimiento [&hellip;]<\/p>\n","protected":false},"author":5,"featured_media":0,"parent":0,"menu_order":0,"comment_status":"closed","ping_status":"closed","template":"","meta":{"footnotes":""},"class_list":["post-1646","page","type-page","status-publish","hentry"],"yoast_head":"<!-- This site is optimized with the Yoast SEO plugin v22.8 - https:\/\/yoast.com\/wordpress\/plugins\/seo\/ -->\n<title>Servicios - Al 100 servicios<\/title>\n<meta name=\"description\" content=\"Un blog para ayudarte a crecer en tus proyectos de investigaci\u00f3n y revisi\u00f3n de documentaci\u00f3n.\" \/>\n<meta name=\"robots\" content=\"index, follow, max-snippet:-1, max-image-preview:large, max-video-preview:-1\" \/>\n<link rel=\"canonical\" href=\"https:\/\/al100servicios.com\/index.php\/servicios\/\" \/>\n<meta property=\"og:locale\" content=\"es_ES\" \/>\n<meta property=\"og:type\" content=\"article\" \/>\n<meta property=\"og:title\" content=\"Servicios - Al 100 servicios\" \/>\n<meta property=\"og:description\" content=\"Un blog para ayudarte a crecer en tus proyectos de investigaci\u00f3n y revisi\u00f3n de documentaci\u00f3n.\" \/>\n<meta property=\"og:url\" content=\"https:\/\/al100servicios.com\/index.php\/servicios\/\" \/>\n<meta property=\"og:site_name\" content=\"Al 100 servicios\" \/>\n<meta property=\"article:publisher\" content=\"https:\/\/www.facebook.com\/profile.php?id=61560384930658&amp;mibextid=ZbWKwL\" \/>\n<meta property=\"article:modified_time\" content=\"2024-06-20T14:27:09+00:00\" \/>\n<meta property=\"og:image\" content=\"https:\/\/al100servicios.com\/wp-content\/uploads\/2024\/05\/cropped-LOGO-AL100-FEB-2023-01-1.png\" \/>\n\t<meta property=\"og:image:width\" content=\"440\" \/>\n\t<meta property=\"og:image:height\" content=\"157\" \/>\n\t<meta property=\"og:image:type\" content=\"image\/png\" \/>\n<meta name=\"twitter:card\" content=\"summary_large_image\" \/>\n<meta name=\"twitter:label1\" content=\"Tiempo de lectura\" \/>\n\t<meta name=\"twitter:data1\" content=\"1 minuto\" \/>\n<script type=\"application\/ld+json\" class=\"yoast-schema-graph\">{\"@context\":\"https:\/\/schema.org\",\"@graph\":[{\"@type\":\"WebPage\",\"@id\":\"https:\/\/al100servicios.com\/index.php\/servicios\/\",\"url\":\"https:\/\/al100servicios.com\/index.php\/servicios\/\",\"name\":\"Servicios - Al 100 servicios\",\"isPartOf\":{\"@id\":\"https:\/\/al100servicios.com\/#website\"},\"datePublished\":\"2024-04-04T20:45:02+00:00\",\"dateModified\":\"2024-06-20T14:27:09+00:00\",\"description\":\"Un blog para ayudarte a crecer en tus proyectos de investigaci\u00f3n y revisi\u00f3n de documentaci\u00f3n.\",\"breadcrumb\":{\"@id\":\"https:\/\/al100servicios.com\/index.php\/servicios\/#breadcrumb\"},\"inLanguage\":\"es\",\"potentialAction\":[{\"@type\":\"ReadAction\",\"target\":[\"https:\/\/al100servicios.com\/index.php\/servicios\/\"]}]},{\"@type\":\"BreadcrumbList\",\"@id\":\"https:\/\/al100servicios.com\/index.php\/servicios\/#breadcrumb\",\"itemListElement\":[{\"@type\":\"ListItem\",\"position\":1,\"name\":\"Portada\",\"item\":\"https:\/\/al100servicios.com\/\"},{\"@type\":\"ListItem\",\"position\":2,\"name\":\"Servicios\"}]},{\"@type\":\"WebSite\",\"@id\":\"https:\/\/al100servicios.com\/#website\",\"url\":\"https:\/\/al100servicios.com\/\",\"name\":\"Al 100 servicios\",\"description\":\"Para vivir al 100% una vida de excelencia.\",\"publisher\":{\"@id\":\"https:\/\/al100servicios.com\/#organization\"},\"potentialAction\":[{\"@type\":\"SearchAction\",\"target\":{\"@type\":\"EntryPoint\",\"urlTemplate\":\"https:\/\/al100servicios.com\/?s={search_term_string}\"},\"query-input\":\"required name=search_term_string\"}],\"inLanguage\":\"es\"},{\"@type\":\"Organization\",\"@id\":\"https:\/\/al100servicios.com\/#organization\",\"name\":\"Al 100 servicios\",\"url\":\"https:\/\/al100servicios.com\/\",\"logo\":{\"@type\":\"ImageObject\",\"inLanguage\":\"es\",\"@id\":\"https:\/\/al100servicios.com\/#\/schema\/logo\/image\/\",\"url\":\"https:\/\/al100servicios.com\/wp-content\/uploads\/2024\/05\/cropped-LOGO-AL100-FEB-2023-01-1.png\",\"contentUrl\":\"https:\/\/al100servicios.com\/wp-content\/uploads\/2024\/05\/cropped-LOGO-AL100-FEB-2023-01-1.png\",\"width\":440,\"height\":157,\"caption\":\"Al 100 servicios\"},\"image\":{\"@id\":\"https:\/\/al100servicios.com\/#\/schema\/logo\/image\/\"},\"sameAs\":[\"https:\/\/www.facebook.com\/profile.php?id=61560384930658&mibextid=ZbWKwL\",\"https:\/\/www.instagram.com\/al100servicios\/\"]}]}<\/script>\n<!-- \/ Yoast SEO plugin. -->","yoast_head_json":{"title":"Servicios - Al 100 servicios","description":"Un blog para ayudarte a crecer en tus proyectos de investigaci\u00f3n y revisi\u00f3n de documentaci\u00f3n.","robots":{"index":"index","follow":"follow","max-snippet":"max-snippet:-1","max-image-preview":"max-image-preview:large","max-video-preview":"max-video-preview:-1"},"canonical":"https:\/\/al100servicios.com\/index.php\/servicios\/","og_locale":"es_ES","og_type":"article","og_title":"Servicios - Al 100 servicios","og_description":"Un blog para ayudarte a crecer en tus proyectos de investigaci\u00f3n y revisi\u00f3n de documentaci\u00f3n.","og_url":"https:\/\/al100servicios.com\/index.php\/servicios\/","og_site_name":"Al 100 servicios","article_publisher":"https:\/\/www.facebook.com\/profile.php?id=61560384930658&mibextid=ZbWKwL","article_modified_time":"2024-06-20T14:27:09+00:00","og_image":[{"width":440,"height":157,"url":"https:\/\/al100servicios.com\/wp-content\/uploads\/2024\/05\/cropped-LOGO-AL100-FEB-2023-01-1.png","type":"image\/png"}],"twitter_card":"summary_large_image","twitter_misc":{"Tiempo de lectura":"1 minuto"},"schema":{"@context":"https:\/\/schema.org","@graph":[{"@type":"WebPage","@id":"https:\/\/al100servicios.com\/index.php\/servicios\/","url":"https:\/\/al100servicios.com\/index.php\/servicios\/","name":"Servicios - Al 100 servicios","isPartOf":{"@id":"https:\/\/al100servicios.com\/#website"},"datePublished":"2024-04-04T20:45:02+00:00","dateModified":"2024-06-20T14:27:09+00:00","description":"Un blog para ayudarte a crecer en tus proyectos de investigaci\u00f3n y revisi\u00f3n de documentaci\u00f3n.","breadcrumb":{"@id":"https:\/\/al100servicios.com\/index.php\/servicios\/#breadcrumb"},"inLanguage":"es","potentialAction":[{"@type":"ReadAction","target":["https:\/\/al100servicios.com\/index.php\/servicios\/"]}]},{"@type":"BreadcrumbList","@id":"https:\/\/al100servicios.com\/index.php\/servicios\/#breadcrumb","itemListElement":[{"@type":"ListItem","position":1,"name":"Portada","item":"https:\/\/al100servicios.com\/"},{"@type":"ListItem","position":2,"name":"Servicios"}]},{"@type":"WebSite","@id":"https:\/\/al100servicios.com\/#website","url":"https:\/\/al100servicios.com\/","name":"Al 100 servicios","description":"Para vivir al 100% una vida de excelencia.","publisher":{"@id":"https:\/\/al100servicios.com\/#organization"},"potentialAction":[{"@type":"SearchAction","target":{"@type":"EntryPoint","urlTemplate":"https:\/\/al100servicios.com\/?s={search_term_string}"},"query-input":"required name=search_term_string"}],"inLanguage":"es"},{"@type":"Organization","@id":"https:\/\/al100servicios.com\/#organization","name":"Al 100 servicios","url":"https:\/\/al100servicios.com\/","logo":{"@type":"ImageObject","inLanguage":"es","@id":"https:\/\/al100servicios.com\/#\/schema\/logo\/image\/","url":"https:\/\/al100servicios.com\/wp-content\/uploads\/2024\/05\/cropped-LOGO-AL100-FEB-2023-01-1.png","contentUrl":"https:\/\/al100servicios.com\/wp-content\/uploads\/2024\/05\/cropped-LOGO-AL100-FEB-2023-01-1.png","width":440,"height":157,"caption":"Al 100 servicios"},"image":{"@id":"https:\/\/al100servicios.com\/#\/schema\/logo\/image\/"},"sameAs":["https:\/\/www.facebook.com\/profile.php?id=61560384930658&mibextid=ZbWKwL","https:\/\/www.instagram.com\/al100servicios\/"]}]}},"_links":{"self":[{"href":"https:\/\/al100servicios.com\/index.php\/wp-json\/wp\/v2\/pages\/1646","targetHints":{"allow":["GET"]}}],"collection":[{"href":"https:\/\/al100servicios.com\/index.php\/wp-json\/wp\/v2\/pages"}],"about":[{"href":"https:\/\/al100servicios.com\/index.php\/wp-json\/wp\/v2\/types\/page"}],"author":[{"embeddable":true,"href":"https:\/\/al100servicios.com\/index.php\/wp-json\/wp\/v2\/users\/5"}],"replies":[{"embeddable":true,"href":"https:\/\/al100servicios.com\/index.php\/wp-json\/wp\/v2\/comments?post=1646"}],"version-history":[{"count":22,"href":"https:\/\/al100servicios.com\/index.php\/wp-json\/wp\/v2\/pages\/1646\/revisions"}],"predecessor-version":[{"id":1958,"href":"https:\/\/al100servicios.com\/index.php\/wp-json\/wp\/v2\/pages\/1646\/revisions\/1958"}],"wp:attachment":[{"href":"https:\/\/al100servicios.com\/index.php\/wp-json\/wp\/v2\/media?parent=1646"}],"curies":[{"name":"wp","href":"https:\/\/api.w.org\/{rel}","templated":true}]}}